 28*f = -116. What is the remainder when x is divided by f?
21
Suppose -3*f + 2*w - 7*w = 554, -w + 5 = 0. Let t = f - -195. Calculate the remainder when 3 is divided by t.
1
Calculate the remainder when 285 is divided by (722/1444)/((-2)/324*-1).
42
Let f be (-4185)/(-33) + 4/22. Suppose f = -6*i + 529. Suppose -3*s - 17 = -14, -2*c + 36 = -2*s. Calculate the remainder when i is divided by c.
16
Let m = -687 + 692. Suppose -5*q = -4*y + 1003, 8*y - 1053 = 4*y - m*q. What is the remainder when y is divided by 67?
56
Let b(k) = -k**2 - 15*k + 5. Let p be b(-15). Suppose 4*q - 2*g = 76, -p*q + g + 100 = -4*g. Let n = 137 - 130. Calculate the remainder when q is divided by n.
4
What is the remainder when 11 + (7 + -93)/(-1) is divided by 5?
2
Suppose -5*f + 12 = -3*m, 1 = 5*m + 21. Suppose 5*x = -3*t + 60 - 2, 4*t + 4*x - 72 = f. Calculate the remainder when 45 is divided by t.
13
Let s(u) = -251*u - 1315. Calculate the remainder when s(-6) is divided by 534/8 - 15/20.
59
Let j(o) = 47*o**2 + o + 2. Let h(b) = -262*b - 1296. Calculate the remainder when j(2) is divided by h(-5).
10
What is the remainder when 13 + 2992 - -14 - 11 is divided by 20?
8
Let j = -7231 - -7289. Calculate the remainder when 2663 is divided by j.
53
Calculate the remainder when 350 is divided by 608/28 + 28/98.
20
Suppose 0 = -107*i + 5411 + 6680. What is the remainder when 278 is divided by i?
52
Let l(w) = w**2 - w - 1. Let q(r) = -2*r**2 - 6*r + 12. Let d(i) = -3*l(i) - q(i). What is the remainder when d(4) is divided by 1?
0
Let q = -30 - 24. Let f = q + 64. Let o = 24 - f. What is the remainder when 67 is divided by o?
11
What is the remainder when 142 is divided by ((-270)/(-4))/(725/870)?
61
Let a = 30265 - 29534. Calculate the remainder when a is divided by 26.
3
Let k(b) = 3*b**2 + 2*b - 1. Let n be k(1). Suppose -16*w - 36 = 53*w - 519. What is the remainder when (-67)/(-5) + n/(-10) is divided by w?
6
Suppose 57*d + 120 = 87*d. What is the remainder when 39 is divided by d?
3
Let h(b) = 51*b**3 + 7*b**2 + 2*b - 9. Calculate the remainder when h(2) is divided by 74.
61
Suppose -12 = -2*i - 2*i, -5*i = -4*u + 5. Suppose -857 = -4*k + 5*q, -u*k = 3*q - 6*q - 1055. Calculate the remainder when k is divided by 6.
4
Let s(l) = -l**2 - 17*l - 5. Let j be s(-11). Suppose -264 = -m - 3*m - 3*a, m - j = -2*a. Calculate the remainder when m is divided by (-18)/84*(1 - 5)*21.
15
Suppose 0 = 319*p - 58*p - 7308. Calculate the remainder when 2600 is divided by p.
24
Let z(p) = -p**2 - 257*p + 4139. What is the remainder when 96 is divided by z(15)?
37
Suppose -4*i = 4*v - 56, i - 18*v = -14*v - 1. Calculate the remainder when 294 is divided by i.
8
Suppose p + 197 = 2*g - 128, -641 = -4*g - p. What is the remainder when 437 is divided by g?
115
What is the remainder when (-842)/((-1408)/(-144) - 10) is divided by 17?
15
Suppose 4*f + 5*k = -1628, -5*k + 470 - 63 = -f. Let h = -370 - f. Let d(u) = 3*u**2 - 3*u + 2. Calculate the remainder when h is divided by d(3).
17
What is the remainder when 639 is divided by ((-69)/(-12) + 156/(-39))*4?
2
Let c = -493 + 878. Suppose 7*u - 315 - c = 0. Suppose -6*s = -s - u. What is the remainder when s is divided by 13?
7
Let b be (-6)/(-24) - (-1 - 3513/12). Suppose b = v - 7*v. Calculate the remainder when (-286)/(-14) + 21/v is divided by 4.
0
Let t(a) = a**3 + 29*a**2 + 50. Let v be t(-29). Let y = 64 - v. Calculate the remainder when 152 is divided by y.
12
Let w = -834 + 515. Let t = w + 352. What is the remainder when 327 is divided by t?
30
Let x(t) = 3*t**3 - 229*t**2 + 105*t + 150. Calculate the remainder when x(76) is divided by 38.
36
Let k = -298 - 92. What is the remainder when (-862)/(-26) - (-60)/k is divided by 12?
9
Suppose 6*r + 1088 = 1124. Suppose -m - 2*k + 4 = 0, -k - 17 - r = -2*m. What is the remainder when -1 + 29 + -1 + -1 is divided by m?
6
Let k(d) = 30*d**2 - 124*d + 939. Calculate the remainder when k(9) is divided by 49.
48
Suppose 2 = -6*w + 20. Suppose w*o + 11*j - 7*j = 231, 5*o - 385 = 2*j. Calculate the remainder when o is divided by 20.
17
Let x = -643 - -464. Let p = x + 330. What is the remainder when p is divided by 37?
3
Let o(r) = r**3 - 31*r**2 + 2*r + 133. What is the remainder when 624 is divided by o(31)?
39
Let z(b) = 2*b**3 + 19*b**2 - 44*b - 41. Calculate the remainder when 397 is divided by z(-11).
77
Suppose 3*f + 17 = -2*t, f + 2*f + 19 = -4*t. Calculate the remainder when 13/(-3)*(-1 + f) is divided by 7.
5
Let m(x) = x**3 - 123*x**2 + 11*x - 1157. Calculate the remainder when 1313 is divided by m(123).
137
Let v be (1 - -2)*-214*1/(-2). Suppose -11*n = 46 - v. Let x = n - 1. Calculate the remainder when 95 is divided by x.
23
Let z be 37*-8 - (-4 - (-1 + -3)). Let s = z - -505. Calculate the remainder when s is divided by 7.
6
Let r = 3650 - 3624. What is the remainder when 102 is divided by r?
24
Let t(x) = 1620*x + 342. Let j(w) = -33*w - 7. Let a(y) = 99*j(y) + 2*t(y). Calculate the remainder when 177 is divided by a(-1).
15
Suppose 5*y + 5*a - 45 = 0, -36*y + a - 23 = -39*y. What is the remainder when 97 is divided by y?
6
Let u = 527 + -527. Let h(y) = -20*y + 188. What is the remainder when h(u) is divided by 41?
24
Suppose -w + 0 + 11 = 0. Let l = 3 - w. Let q(r) = -r**2 - 11*r + 12. What is the remainder when q(l) is divided by 13?
10
Let t = 17257 + -17157. Calculate the remainder when 1806 is divided by t.
6
Suppose -7*n = 83*m - 78*m - 4122, 2*n = -3*m + 2460. Calculate the remainder when m is divided by 202.
8
Let a = -51 + 54. Suppose -2*x + 14 = -3*x + a*w, -2*x + 4*w = 38. Let g = x - -42. What is the remainder when g is divided by 7?
6
Suppose 4*h = -3*i + 60, i = 8*h - 9*h + 14. Calculate the remainder when 935 is divided by h.
17
What is the remainder when 141 is divided by ((-350)/875)/(3544/(-1180) - -3)?
23
Let w be (2*3/15)/((-10)/(-100)). Suppose 5*p - w*c - 19 = 50, 3*c = -3*p + 36. What is the remainder when ((-88)/10)/((-2)/20) is divided by p?
10
Suppose -833 = -w + 5*n, 5*w + 8*n - 4*n - 4020 = 0. Suppose -6*z - 142 = -w. What is the remainder when z is divided by 38?
35
Suppose 758 = 3*x + 47. Let b = -308 - -194. Let l = b + x. What is the remainder when l is divided by 31?
30
Suppose 504*r = 510*r - 162. Calculate the remainder when 9988 is divided by r.
25
Let n be (33/44*-334)/(6/(-4)). Let m = 195 - n. Calculate the remainder when 133 is divided by m.
21
Let j be 27/(11 - 2) + -2. Suppose 4*i - i - 2*w = 77, -2*i - 4*w + 62 = 0. Calculate the remainder when i is divided by 5 + ((-1)/(-3)*6 - j).
3
Suppose 17945 = 13*h - 8302. What is the remainder when h is divided by 46?
41
Suppose 5*s = 3*w - 570, 2*s - 265 = -4*w + 495. Calculate the remainder when 898 is divided by w.
138
Let h be (-5)/((-175)/(-20)) - 40/28. Let s(j) = 16*j**2 + 7*j + 4. What is the remainder when 209 is divided by s(h)?
47
Let o(y) = -38*y - 1. Suppose 2*g = 2*k + 4, 4*k = 14*g - 17*g + 34. Suppose 58 = 4*n + g. What is the remainder when o(-1) is divided by n?
11
Suppose i - 4*x = 281, 3*x - 260 = 2*i - 3*i. Let l = 295 - i. What is the remainder when 726 is divided by l?
24
Calculate the remainder when 369 is divided by 20670/1040 + 1/8.
9
Let n = 484 + -474. Suppose v = -3*u + 80, -n*u + 7*u = 5*v - 448. Let d = 22 + -3. Calculate the remainder when v is divided by d.
16
Suppose 2*p - 5*o = 124, -5*o + 364 - 26 = 4*p. What is the remainder when 5385 is divided by p?
72
Let p(a) = 23*a**2 - a + 3. Let t be (3 - 4) + -3 - -2. What is the remainder when p(t) is divided by 26?
19
Let i be 0*(-1 + 2) + 1. Let u = 12 + i. Let r = -37643 - -37667. What is the remainder when r is divided by u?
11
Let j = 2698 - 2401. Calculate the remainder when j is divided by 118.
61
Let q = -944 - -991. What is the remainder when 272 is divided by q?
37
Suppose 42*l + 14*l - 361 + 81 = 0. What is the remainder when 231 is divided by l?
1
Let q(d) be the second derivative of d**4/12 - 4*d**3 - 64*d**2 + 3*d - 10. Calculate the remainder when 197 is divided by q(30).
41
Let d(r) = r**3 + 109*r**2 - 10*r - 810. Calculate the remainder when 3931 is divided by d(-109).
11
Suppose 4 = 3*z + z. Suppose 4*m - z = -l, -3*l + 10 = 3*m + 2*m. Suppose 675 = l*f - 110. What is the remainder when f is divi